{"id":884,"date":"2024-11-14T08:58:22","date_gmt":"2024-11-14T11:58:22","guid":{"rendered":"https:\/\/fapcom.edu.br\/portal\/?page_id=884"},"modified":"2026-03-27T16:14:27","modified_gmt":"2026-03-27T19:14:27","slug":"pos-graduacao-detalhes","status":"publish","type":"page","link":"https:\/\/fapcom.edu.br\/portal\/pos-graduacao-detalhes\/","title":{"rendered":"P\u00f3s Gradua\u00e7\u00e3o"},"content":{"rendered":"","protected":false},"excerpt":{"rendered":"","protected":false},"author":1,"featured_media":0,"parent":0,"menu_order":0,"comment_status":"closed","ping_status":"closed","template":"","meta":{"_acf_changed":false,"footnotes":""},"class_list":["post-884","page","type-page","status-publish","hentry"],"acf":[],"aioseo_notices":[],"_links":{"self":[{"href":"https:\/\/fapcom.edu.br\/portal\/wp-json\/wp\/v2\/pages\/884","targetHints":{"allow":["GET"]}}],"collection":[{"href":"https:\/\/fapcom.edu.br\/portal\/wp-json\/wp\/v2\/pages"}],"about":[{"href":"https:\/\/fapcom.edu.br\/portal\/wp-json\/wp\/v2\/types\/page"}],"author":[{"embeddable":true,"href":"https:\/\/fapcom.edu.br\/portal\/wp-json\/wp\/v2\/users\/1"}],"replies":[{"embeddable":true,"href":"https:\/\/fapcom.edu.br\/portal\/wp-json\/wp\/v2\/comments?post=884"}],"version-history":[{"count":91,"href":"https:\/\/fapcom.edu.br\/portal\/wp-json\/wp\/v2\/pages\/884\/revisions"}],"predecessor-version":[{"id":11723,"href":"https:\/\/fapcom.edu.br\/portal\/wp-json\/wp\/v2\/pages\/884\/revisions\/11723"}],"wp:attachment":[{"href":"https:\/\/fapcom.edu.br\/portal\/wp-json\/wp\/v2\/media?parent=884"}],"curies":[{"name":"wp","href":"https:\/\/api.w.org\/{rel}","templated":true}]}}