{"id":1306,"date":"2024-11-27T09:13:56","date_gmt":"2024-11-27T12:13:56","guid":{"rendered":"https:\/\/fapcom.edu.br\/portal\/?page_id=1306"},"modified":"2026-02-27T08:55:16","modified_gmt":"2026-02-27T11:55:16","slug":"iniciacao-cientifica","status":"publish","type":"page","link":"https:\/\/fapcom.edu.br\/portal\/iniciacao-cientifica\/","title":{"rendered":"Inicia\u00e7\u00e3o Cient\u00edfica, Tecnol\u00f3gica, Art\u00edstica e Cultural"},"content":{"rendered":"","protected":false},"excerpt":{"rendered":"","protected":false},"author":1,"featured_media":0,"parent":0,"menu_order":0,"comment_status":"closed","ping_status":"closed","template":"","meta":{"_acf_changed":false,"footnotes":""},"class_list":["post-1306","page","type-page","status-publish","hentry"],"acf":[],"aioseo_notices":[],"_links":{"self":[{"href":"https:\/\/fapcom.edu.br\/portal\/wp-json\/wp\/v2\/pages\/1306","targetHints":{"allow":["GET"]}}],"collection":[{"href":"https:\/\/fapcom.edu.br\/portal\/wp-json\/wp\/v2\/pages"}],"about":[{"href":"https:\/\/fapcom.edu.br\/portal\/wp-json\/wp\/v2\/types\/page"}],"author":[{"embeddable":true,"href":"https:\/\/fapcom.edu.br\/portal\/wp-json\/wp\/v2\/users\/1"}],"replies":[{"embeddable":true,"href":"https:\/\/fapcom.edu.br\/portal\/wp-json\/wp\/v2\/comments?post=1306"}],"version-history":[{"count":160,"href":"https:\/\/fapcom.edu.br\/portal\/wp-json\/wp\/v2\/pages\/1306\/revisions"}],"predecessor-version":[{"id":11574,"href":"https:\/\/fapcom.edu.br\/portal\/wp-json\/wp\/v2\/pages\/1306\/revisions\/11574"}],"wp:attachment":[{"href":"https:\/\/fapcom.edu.br\/portal\/wp-json\/wp\/v2\/media?parent=1306"}],"curies":[{"name":"wp","href":"https:\/\/api.w.org\/{rel}","templated":true}]}}