{"id":8441,"date":"2025-06-24T17:12:25","date_gmt":"2025-06-24T20:12:25","guid":{"rendered":"https:\/\/fapcom.edu.br\/portal\/?post_type=events&#038;p=8441"},"modified":"2025-08-06T08:07:19","modified_gmt":"2025-08-06T11:07:19","slug":"18o-simposio-de-comunicacao-fapcom","status":"publish","type":"events","link":"https:\/\/fapcom.edu.br\/portal\/eventos\/18o-simposio-de-comunicacao-fapcom\/","title":{"rendered":"18\u00ba Simp\u00f3sio de Comunica\u00e7\u00e3o FAPCOM"},"template":"","tags":[],"categoria":[111,109,115,113,112,110],"modalidade":[26],"class_list":["post-8441","events","type-events","status-publish","hentry","categoria-filosofia","categoria-jornalismo","categoria-producao-audiovisual","categoria-publicidade-e-propaganda","categoria-radio-tv-e-internet","categoria-relacoes-publicas","modalidade-presencial"],"acf":[],"aioseo_notices":[],"_links":{"self":[{"href":"https:\/\/fapcom.edu.br\/portal\/wp-json\/wp\/v2\/events\/8441","targetHints":{"allow":["GET"]}}],"collection":[{"href":"https:\/\/fapcom.edu.br\/portal\/wp-json\/wp\/v2\/events"}],"about":[{"href":"https:\/\/fapcom.edu.br\/portal\/wp-json\/wp\/v2\/types\/events"}],"wp:attachment":[{"href":"https:\/\/fapcom.edu.br\/portal\/wp-json\/wp\/v2\/media?parent=8441"}],"wp:term":[{"taxonomy":"post_tag","embeddable":true,"href":"https:\/\/fapcom.edu.br\/portal\/wp-json\/wp\/v2\/tags?post=8441"},{"taxonomy":"categoria","embeddable":true,"href":"https:\/\/fapcom.edu.br\/portal\/wp-json\/wp\/v2\/categoria?post=8441"},{"taxonomy":"modalidade","embeddable":true,"href":"https:\/\/fapcom.edu.br\/portal\/wp-json\/wp\/v2\/modalidade?post=8441"}],"curies":[{"name":"wp","href":"https:\/\/api.w.org\/{rel}","templated":true}]}}

18º Simpósio de Comunicação FAPCOM
