{"id":6686,"date":"2025-04-29T11:25:38","date_gmt":"2025-04-29T14:25:38","guid":{"rendered":"https:\/\/fapcom.edu.br\/portal\/?post_type=events&#038;p=6686"},"modified":"2025-07-01T14:31:39","modified_gmt":"2025-07-01T17:31:39","slug":"15o-seminario-de-filosofia-e-comunicacao-narrativas-em-disputa","status":"publish","type":"events","link":"https:\/\/fapcom.edu.br\/portal\/eventos\/15o-seminario-de-filosofia-e-comunicacao-narrativas-em-disputa\/","title":{"rendered":"15\u00ba Semin\u00e1rio de Filosofia e Comunica\u00e7\u00e3o &#8211; Narrativas em Disputa"},"template":"","tags":[],"categoria":[111,109,115,113,112,110],"modalidade":[26],"class_list":["post-6686","events","type-events","status-publish","hentry","categoria-filosofia","categoria-jornalismo","categoria-producao-audiovisual","categoria-publicidade-e-propaganda","categoria-radio-tv-e-internet","categoria-relacoes-publicas","modalidade-presencial"],"acf":[],"aioseo_notices":[],"_links":{"self":[{"href":"https:\/\/fapcom.edu.br\/portal\/wp-json\/wp\/v2\/events\/6686","targetHints":{"allow":["GET"]}}],"collection":[{"href":"https:\/\/fapcom.edu.br\/portal\/wp-json\/wp\/v2\/events"}],"about":[{"href":"https:\/\/fapcom.edu.br\/portal\/wp-json\/wp\/v2\/types\/events"}],"wp:attachment":[{"href":"https:\/\/fapcom.edu.br\/portal\/wp-json\/wp\/v2\/media?parent=6686"}],"wp:term":[{"taxonomy":"post_tag","embeddable":true,"href":"https:\/\/fapcom.edu.br\/portal\/wp-json\/wp\/v2\/tags?post=6686"},{"taxonomy":"categoria","embeddable":true,"href":"https:\/\/fapcom.edu.br\/portal\/wp-json\/wp\/v2\/categoria?post=6686"},{"taxonomy":"modalidade","embeddable":true,"href":"https:\/\/fapcom.edu.br\/portal\/wp-json\/wp\/v2\/modalidade?post=6686"}],"curies":[{"name":"wp","href":"https:\/\/api.w.org\/{rel}","templated":true}]}}

15º Seminário de Filosofia e Comunicação &#8211; Narrativas em Disputa
